ime factors of 212591372?
2, 7, 7592549
What are the prime factors of 19856236?
2, 4964059
List the prime factors of 56117768.
2, 7, 283, 3541
List the prime factors of 638685830.
2, 5, 83, 97, 7933
What are the prime factors of 2440413222?
2, 3, 13, 31287349
List the prime factors of 899682425.
5, 137, 262681
What are the prime factors of 411773356?
2, 113, 911003
What are the prime factors of 1052280095?
5, 263, 800213
What are the prime factors of 1640868427?
11, 149169857
List the prime factors of 331709189.
7, 6353, 7459
What are the prime factors of 2905768513?
53, 54825821
List the prime factors of 657324718.
2, 109, 1427, 2113
What are the prime factors of 79484448?
2, 3, 19, 43577
What are the prime factors of 75916891?
47, 1615253
List the prime factors of 1829542638.
2, 3, 7, 11, 3960049
What are the prime factors of 903341042?
2, 179, 607, 4157
What are the prime factors of 227401609?
227401609
What are the prime factors of 1624864331?
181, 1283, 6997
What are the prime factors of 758988410?
2, 5, 6883, 11027
List the prime factors of 351594772.
2, 19, 4626247
What are the prime factors of 23022897?
3, 29, 264631
What are the prime factors of 1185160162?
2, 97, 6109073
List the prime factors of 130446495.
3, 5, 19, 29, 5261
What are the prime factors of 2829069736?
2, 23, 15375379
List the prime factors of 333753311.
1213, 275147
List the prime factors of 2381992404.
2, 3, 11, 139, 197, 659
List the prime factors of 333252016.
2, 20828251
What are the prime factors of 1825275803?
13, 79, 1777289
What are the prime factors of 47515501?
11, 4319591
What are the prime factors of 421773677?
13, 101, 139, 2311
List the prime factors of 6058856107.
6058856107
What are the prime factors of 353525823?
3, 7, 1870507
What are the prime factors of 2271132265?
5, 5387, 84319
What are the prime factors of 132412535?
5, 2731, 9697
List the prime factors of 14711311.
37, 97, 4099
What are the prime factors of 7732874402?
2, 11, 227, 1548433
List the prime factors of 67833478.
2, 223, 152093
List the prime factors of 86944556.
2, 79, 503, 547
What are the prime factors of 2144527964?
2, 991, 541001
List the prime factors of 295342690.
2, 5, 97, 304477
What are the prime factors of 177220220?
2, 5, 19, 466369
List the prime factors of 39798511.
39798511
List the prime factors of 1322028583.
139, 9510997
List the prime factors of 6180329316.
2, 3, 7, 29, 2537081
What are the prime factors of 179093796?
2, 3, 7, 43, 179, 277
What are the prime factors of 3734031238?
2, 7, 266716517
What are the prime factors of 612422624?
2, 11, 277, 571
List the prime factors of 284828370.
2, 3, 5, 17, 547, 1021
List the prime factors of 8042731393.
8042731393
What are the prime factors of 81041715?
3, 5, 66701
List the prime factors of 2443207056.
2, 3, 41, 1241467
What are the prime factors of 62481630?
2, 3, 5, 17, 101, 1213
What are the prime factors of 2785473942?
2, 3, 523, 887659
List the prime factors of 8913411625.
5, 479, 148867
What are the prime factors of 65565757?
787, 83311
List the prime factors of 4667575798.
2, 139, 151, 111191
What are the prime factors of 53629071?
3, 79, 226283
List the prime factors of 124009907.
7, 17715701
What are the prime factors of 422637796?
2, 7, 15094207
What are the prime factors of 20881501?
20881501
List the prime factors of 1015717054.
2, 11, 17, 29, 71, 1319
List the prime factors of 158538062.
2, 41, 719, 2689
What are the prime factors of 122258960?
2, 5, 1528237
List the prime factors of 1890291496.
2, 47, 281, 17891
What are the prime factors of 217566358?
2, 113, 962683
List the prime factors of 574190726.
2, 5483, 52361
List the prime factors of 186366579.
3, 7, 8874599
List the prime factors of 41016414.
2, 3, 977, 6997
What are the prime factors of 795170537?
7, 113595791
What are the prime factors of 43574611?
43574611
What are the prime factors of 87095434?
2, 23, 61, 31039
What are the prime factors of 4257270525?
3, 5, 107, 530501
What are the prime factors of 45733314?
2, 3, 11, 692929
What are the prime factors of 4104873733?
23, 47, 71, 79, 677
List the prime factors of 280472705.
5, 56094541
List the prime factors of 559533311.
9679, 57809
List the prime factors of 452378705.
5, 43, 2104087
What are the prime factors of 3442728268?
2, 7, 67, 97, 18919
List the prime factors of 102925011.
3, 7, 4901191
What are the prime factors of 138327531?
3, 1069, 43133
List the prime factors of 105403427.
1657, 63611
List the prime factors of 820224889.
11, 19, 773, 5077
What are the prime factors of 82589297?
7, 23, 512977
What are the prime factors of 484240075?
5, 11, 1760873
What are the prime factors of 29457785?
5, 7, 841651
What are the prime factors of 1897776815?
5, 11, 89, 229, 1693
List the prime factors of 1124252962.
2, 7, 137, 83737
What are the prime factors of 102150833?
102150833
What are the prime factors of 38367693?
3, 7, 13, 79, 593
List the prime factors of 142937365.
5, 1091, 26203
What are the prime factors of 255313419?
3, 29, 2934637
List the prime factors of 3285015.
3, 5, 219001
What are the prime factors of 37197019?
1187, 31337
List the prime factors of 46355020.
2, 5, 2317751
What are the prime factors of 3855428052?
2, 3, 7, 45897953
What are the prime factors of 10783372?
2, 17, 347, 457
What are the prime factors of 2085892567?
11, 31, 6116987
What are the prime factors of 68255273?
31, 619, 3557
List the prime factors of 155107892.
2, 29, 53, 25229
What are the prime factors of 385800918?
2, 3, 64300153
List the prime factors of 820929.
3, 273643
What are the prime factors of 31830976?
2, 239, 2081
What are the prime factors of 50538649?
7, 31, 97
List the prime factors of 508416133.
43, 463, 25537
List the prime factors of 1333393374.
2, 3, 222232229
What are the prime factors of 11342262?
2, 3, 113, 16729
List the prime factors of 1149438516.
2, 3, 19, 499, 10103
List the prime factors of 34064053.
34064053
What are the prime factors of 42257918?
2, 21128959
List the prime factors of 276377287.
19, 1523, 9551
List the prime factors of 235762534.
2, 7, 131, 128551
List the prime factors of 97621758.
2, 3, 13, 417187
What are the prime factors of 2631204999?
3, 4663, 20899
List the prime factors of 822590900.
2, 5, 17, 229, 2113
What are the prime factors of 6074515425?
3, 5, 11, 7363049
List the prime factors of 8070388.
2, 409, 4933
List the prime factors of 3452341946.
2, 17, 29, 43, 107, 761
List the prime factors of 163761812.
2, 643, 63671
List the prime factors of 1220934828.
2, 3, 101744569
List the prime factors of 8683110042.
2, 3, 1447185007
List the prime factors of 7607820236.
2, 31, 43, 181, 7883
What are the prime factors of 59942349?
3, 127, 5827
What are the prime factors of 293722206?
2, 3, 37, 1323073
List the prime factors of 93339369.
3, 43, 71, 79
List the prime factors of 444426568.
2, 19, 2923859
What are the prime factors of 44438324?
2, 7, 29, 54727
What are the prime factors of 48873705?
3, 5, 3258247
What are the prime factors of 64396782?
2, 3, 17, 67, 349
List the prime factors of 4816872.
2, 3, 149, 449
List the prime factors of 1122211071.
3, 41563373
List the prime factors of 1962585.
3, 5, 43613
What are the prime factors of 75904099?
17, 67, 103, 647
What are the prime factors of 1657263?
3, 29, 43, 443
List the prime factors of 47393809.
19, 1061, 2351
List the prime factors of 394741831.
11, 35885621
List the prime factors of 1934701765.
5, 8329, 46457
List the prime factors of 164237811.
3, 607, 90191
List the prime factors of 66426234.
2, 3, 7, 1581577
List the prime factors of 2099062404.
2, 3, 41, 474043
List the prime factors of 340626149.
4801, 70949
List the prime factors of 122773241.
23, 5337967
What are the prime factors of 616857570?
2, 3, 5, 7, 137, 1021
What are the prime factors of 3180813319?
757, 929, 4523
What are the prime factors of 331739704?
2, 41467463
List the prime factors of 771424627.
771424627
What are the prime factors of 1383557071?
13, 569, 187043
What are the prime factors of 16935808?
2, 17, 43, 181
What are the prime factors of 3149811?
3, 7, 17, 173
What are the prime factors of 165416396?
2, 41354099
List the prime factors of 804895148.
2, 103, 1953629
List the prime factors of 8341912.
2, 19, 54881
W